 = -72 - i. Suppose -2*h + 2*f = v*f - 434, -4*f + 645 = 3*h. What are the prime factors of h?
211
Suppose -10*j = -5*i - 6*j + 40, -3*i - 4*j = -24. Suppose i*s = 6*s + 606. List the prime factors of s.
3, 101
Suppose -112*o = -116*o - 84. List the prime factors of (-9)/o - 0 - 68025/(-35).
2, 3
Let c = 552 - 551. List the prime factors of -6*c/(-4)*(-88480)/(-210).
2, 79
Let c be 50/12 - 1/6. Let n be (-2 - (-42)/9)/(c/6). Suppose 0 = n*x - 296 - 80. List the prime factors of x.
2, 47
Let m be (-2163)/(-49) + (-3)/21. Suppose m*u = 34*u + 8940. What are the prime factors of u?
2, 3, 149
Suppose -3*p + 267 = 276. List the prime factors of (-5 - (-931)/3)/((-2)/p).
2, 229
List the prime factors of (3364/12)/(6*(-14)/(-5544)).
2, 11, 29
What are the prime factors of 140/(((-42)/(-20) + -2)*148/481)?
2, 5, 7, 13
Let g = 44465 + -13467. What are the prime factors of g?
2, 11, 1409
Suppose -3*o = -s - 4, 2*s + 8*o - 12*o = -10. Let v(u) = u**3 + 13*u**2 - 7*u + 26. What are the prime factors of v(s)?
3, 41
Suppose 11 = -l + 14. Suppose 4592 = 17*c - l*c. List the prime factors of c.
2, 41
List the prime factors of 664 + -17 + (-1 - 4) + 2.
2, 7, 23
Let v(l) = 61*l + 139. Let d be v(-8). Let r = 299 - d. What are the prime factors of r?
2, 3
Suppose -255900 = 105*v - 120*v. List the prime factors of v.
2, 5, 853
Let m(o) = -o**2 + 26*o + 24. Let f be -9*(-4 - 42/9). Let w = -60 + f. List the prime factors of m(w).
2, 3, 7
Let x(m) = m + 97. Let g be x(0). Suppose -2*s - 101 = -7. Let o = g - s. What are the prime factors of o?
2, 3
Suppose 108*t - 5902 - 128210 = 92*t. What are the prime factors of t?
2, 3, 11, 127
Let l = -66 + 69. Suppose w = l*w + 68. Let p = w + 93. What are the prime factors of p?
59
Suppose 3*l - 26657 = 8920. List the prime factors of l.
3, 59, 67
Suppose 0 = -4*u + 5*k + 9, 5*k - 18 = -2*u + 9. What are the prime factors of (-289)/((-42)/6 + u)?
17
Let p(g) = -45*g + 92. Let u be p(2). What are the prime factors of (-10504)/(-36) + 1 - u/(-9)?
293
Let h(q) = -728*q**3 + 2*q**2 + 2*q. Let t be h(-1). Suppose -5*k + 4*k + t = 0. Suppose 0 = 21*w - 25*w + k. What are the prime factors of w?
2, 7, 13
Suppose 10727 - 3047 = 10*w. Suppose -w = -2*p + 3*k - 5*k, 777 = 2*p - k. What are the prime factors of p?
3, 43
Let m(l) = 5*l - 8. Let w be m(2). Suppose -j = 2*j - w*z - 78, 0 = 3*j + 4*z - 60. Let i = 42 + j. What are the prime factors of i?
2, 3, 11
Let a = -5 - -4. Let s be a/((-2)/9)*12. Let g = s + -41. List the prime factors of g.
13
Let v(k) = 2*k**3 + 77*k**2 + 81*k + 28. What are the prime factors of v(-23)?
2, 11, 331
Let a = 48075 + -20492. List the prime factors of a.
27583
What are the prime factors of (377/(-91) + 4)*-46473?
3, 2213
Let q = -1538 + 353. List the prime factors of (-6*16/240)/(1/q).
2, 3, 79
Suppose -2*t + 12 = 4*t. Suppose 0 = -2*v + 4*h - 90, -7*v + h - 180 = -t*v. Let u = -28 - v. List the prime factors of u.
7
Let j be (44/(-12))/11 + 14/6. Suppose 9*y - 1517 = -2*g + 6*y, 3*y + 1499 = j*g. List the prime factors of g.
2, 13, 29
Let h be (190 - -6) + (-3)/(-1). Let q = h + -59. List the prime factors of q.
2, 5, 7
Let r = 50230 - 29254. List the prime factors of r.
2, 3, 19, 23
Let u(x) = -40*x + 289. Let q(c) = 40*c - 291. Let b(y) = -3*q(y) - 2*u(y). What are the prime factors of b(-13)?
5, 163
Let m = 6 - 15. Let s be (-15092)/(-126) - 2/m. Suppose 2*t - 2*c - 90 = 0, -2*c = -3*t - 4*c + s. List the prime factors of t.
2, 3, 7
Let l = 584 + -417. List the prime factors of l.
167
Let x(p) = p**3 - 24*p**2 + 5*p + 33. Suppose -5*q - 10 = 0, -4*w - 2*q - 2*q = 8. Suppose -22*m + 16*m + 144 = w. List the prime factors of x(m).
3, 17
Suppose -33372 = 106*r - 118*r. Suppose -6*p - 1149 = -r. What are the prime factors of p?
2, 17
Suppose -6 = -3*q, -2*r = -0*q - 2*q - 3436. Suppose u + r = 11*u. Suppose 9*s = 5*s + u. What are the prime factors of s?
43
Suppose 5*k + 4*z = 686, 4*k - 386 = k + 4*z. List the prime factors of 7 - (0 - (k - 2)).
139
Suppose -61 + 45 = 2*d. Let j(u) = -37*u + 22. List the prime factors of j(d).
2, 3, 53
Let x(m) = m**2 + m + 3. Let v be x(-6). Let b be v/(-44)*20/(-3). List the prime factors of ((-4)/(-5))/(b*8/5300).
2, 53
Let y(r) = 6*r**3 - 7*r**2 + 12*r - 27. Let n be y(-11). List the prime factors of n/(-8) - (8 - 5).
19, 59
Let c(u) = -5345*u + 673. What are the prime factors of c(-4)?
3, 7351
Let k = -88088 + 147292. List the prime factors of k.
2, 19, 41
Suppose -24*n + 67*n = 294335. List the prime factors of n.
5, 37
Let v(a) = 1377*a + 327. What are the prime factors of v(13)?
2, 3, 7, 31
Suppose 0 = 7582*y - 7572*y - 95690. List the prime factors of y.
7, 1367
Let c = 606 - 504. List the prime factors of -436*(c/(-24) - -2).
3, 109
Let v(n) = n**3 - 13*n**2 + 15*n + 43. Let c be (1 - (-40)/(-6))*30/(-10). What are the prime factors of v(c)?
2, 727
Let f(u) = 163*u - 4 - 406*u + 178*u + 62*u**2. List the prime factors of f(-4).
2, 3, 13
Suppose 53*q + 12 = 57*q. Let m(d) = 26*d**2 + 12*d - 26. List the prime factors of m(q).
2, 61
Let p(t) = t**3 - 20*t**2 + 19*t + 12. Let l(u) = 2*u**2 + 9*u + 1. Let k be l(-6). Let v be p(k). Suppose 8*o - v*o = -364. List the prime factors of o.
7, 13
Suppose y + 1 = -1. Let z be (y - 64/(-20))/((-3)/190). Let g = 131 + z. List the prime factors of g.
5, 11
Let y(k) = -k - 1. Let j(b) = b + 1. Let p(f) = 6*j(f) + 7*y(f). Let m(a) = 20*a + 12. Let r(s) = m(s) + 12*p(s). List the prime factors of r(6).
2, 3
Let y(r) = 4*r**2 - 18*r + 371. What are the prime factors of y(18)?
17, 79
Let k(b) = b**3 - 9*b**2 + 9*b - 9. Let p be k(8). Let g(c) = -5*c**2 + 6*c - 21. Let r(a) = a**2. Let f(v) = p*g(v) - 4*r(v). List the prime factors of f(14).
7, 19
Let o be 0 + -1 - (27 - 65). Let z = o + 24. What are the prime factors of (z/(-5))/((-14)/70)?
61
Let j be ((-27)/(-18))/(-3 - (-207)/68). Suppose j*o - 32*o = 2152. What are the prime factors of o?
2, 269
Let s be (-189)/3*(1 + 4/(-2)). Let h = -54 - -18. Let o = s + h. List the prime factors of o.
3
Let k = -45 - -69. Let c = k + -17. What are the prime factors of 19*(-3 + 3 + c) + 0?
7, 19
Suppose -4*t = 0, 4*z - 2*z + 5*t - 4*t - 13762 = 0. List the prime factors of z.
7, 983
Suppose 222*f = 131*f + 122*f - 1206954. List the prime factors of f.
2, 3, 7, 103
Let m = -58 + 68. Let t be (170/51)/((-2)/(-15)). Suppose t = -5*n, n - 90 = 5*w - m*w. List the prime factors of w.
19
Suppose -5 = m - 4. Let y be (-6)/(-3) - 366*m - -2. Let s = y - 169. What are the prime factors of s?
3, 67
Let l(g) = 338*g**3 - 4*g**2 - 6*g - 12. Let n be l(-3). What are the prime factors of 16/(-88) + n/(-22)?
2, 13
Let p(r) = r**2 - 7*r + 10. Let b be p(4). Let f(w) = -71*w**3 - 3*w**2 - 9*w - 7. List the prime factors of f(b).
3, 7
Let k = 529 + -361. Suppose -155*v = -k*v + 2158. What are the prime factors of v?
2, 83
Suppose 32819 = 37*g - 740. List the prime factors of g.
907
Let k be 48/84*(-7)/(-2). Suppose -q + 155 = -5*v - 646, k*v = -4*q + 3314. What are the prime factors of q?
2, 7, 59
List the prime factors of (-2 - (-91)/(-78) - 10/12) + 7857.
7853
Suppose g + 295 = -3*z, -2*z = 4*g - 3*g + 300. Let b = 491 + g. What are the prime factors of b?
181
Let b = 20600 + -12817. List the prime factors of b.
43, 181
Suppose 4*m - 5*r - 1653 = 8*m, -5*m + r = 2059. Let y = m - -792. List the prime factors of y.
2, 5, 19
Suppose 25133 = 5*x + 3*b, -2*x + 4*b - 1427 + 11475 = 0. List the prime factors of x.
2, 7, 359
Suppose -8249 = -2*l + 1623. List the prime factors of l.
2, 617
Suppose 0 = -o + 2*i + 20, -o + 7 + 8 = -i. Suppose 0 = o*x + 37 + 23. List the prime factors of 347/3 - (-4)/x.
5, 23
Suppose 0 = -4*b + 4*n + 35396, -23*b = -26*b + 4*n + 26540. What are the prime factors of b?
2, 3, 41
Let j = 6 + -2. Let v be (-134)/3082 + (-15733)/(-23). Suppose 5*p + 2*n - v = p, 0 = -n + j. What are the prime factors of p?
13
Let g(y) = -498*y + 69. List the prime factors of g(-20).
3, 3343
Suppose -67*v + 95 = -72*v. Let f = -15 - v. What are the prime factors of f - (0 + (408/(-4) - -2))?
2, 13
Let q(i) = 15136*i**2 + 9*i - 35. What are the prime factors of q(2)?
60527
Let o = 128 + -83. Suppose 0 = -4*h + 641 - o. What are the prime factors of h?
149
Let w(f) = -2*f**3 - 108*f**2 - 2*f + 87. 